ert -1454 (base 7) to base 14.
-2d4
2101030 (base 5) to base 2
1000011011010011
What is -65361 (base 7) in base 2?
-11111110110111
What is 24331 (base 6) in base 13?
1828
What is 203313 (base 5) in base 15?
1ec3
-266b (base 15) to base 13
-396b
What is -1114320 (base 5) in base 2?
-100110111111000
What is -1195 (base 12) in base 15?
-8c5
What is -532 (base 13) in base 5?
-12021
What is -102212122 (base 3) in base 8?
-20721
What is -1011111011010 (base 2) in base 4?
-1133122
Convert 1756 (base 9) to base 14.
6c3
-363 (base 11) to base 5
-3212
Convert 711 (base 14) to base 9.
1811
Convert -7001 (base 10) to base 4.
-1231121
What is c89 (base 14) in base 7?
10132
Convert 10a4a (base 11) to base 14.
5b21
Convert -15040 (base 6) to base 8.
-4540
Convert -3882 (base 10) to base 16.
-f2a
-210143 (base 7) to base 3
-1211111212
452 (base 9) to base 3
111202
-302 (base 9) to base 12
-185
What is -33674 (base 8) in base 9?
-21513
Convert 121673 (base 8) to base 14.
113bd
What is 10057 (base 12) in base 10?
20803
What is 47d4 (base 15) in base 16?
3baa
232 (base 15) to base 8
761
-2602 (base 14) to base 2
-1101000001010
507 (base 12) to base 11
601
Convert 9507 (base 10) to base 13.
4434
What is -22001 (base 3) in base 12?
-161
a462 (base 12) to base 8
43012
What is 221232 (base 4) in base 16?
a6e
63511 (base 8) to base 10
26441
-8b6 (base 12) to base 2
-10100001010
Convert -248 (base 11) to base 4.
-10212
6625 (base 13) to base 11
a764
What is -2432 (base 5) in base 16?
-16f
571 (base 15) to base 10
1231
What is 1821 (base 15) in base 9?
7124
What is -1590 (base 15) in base 10?
-4635
What is 10522 (base 6) in base 10?
1490
-80a (base 13) to base 8
-2522
What is -200001 (base 3) in base 8?
-747
Convert -618 (base 10) to base 14.
-322
What is -1103101 (base 4) in base 2?
-1010011010001
-1311440 (base 5) to base 2
-110010100001110
Convert 2919 (base 13) to base 8.
13461
-21b6 (base 14) to base 11
-4433
-1104 (base 8) to base 14
-2d6
Convert 765 (base 11) to base 4.
32112
11bb (base 14) to base 11
2373
What is -11111111010010 (base 2) in base 16?
-3fd2
-24553 (base 8) to base 16
-296b
-144c1 (base 13) to base 10
-38182
-1443 (base 6) to base 8
-603
4221 (base 5) to base 16
231
Convert -5646 (base 11) to base 16.
-1d07
Convert 5355 (base 7) to base 3.
2121110
What is 4128 (base 14) in base 15?
34c3
What is -101100000 (base 2) in base 9?
-431
-23020 (base 4) to base 5
-10322
222 (base 8) to base 7
266
-2302 (base 8) to base 16
-4c2
Convert 4500 (base 10) to base 15.
1500
143 (base 16) to base 5
2243
-18c8 (base 14) to base 3
-20011020
Convert -27c (base 14) to base 9.
-617
1111101100 (base 2) to base 13
5c3
-9586 (base 12) to base 2
-11111111110110
Convert 100011010000000 (base 2) to base 7.
103422
What is -3588 (base 10) in base 15?
-10e3
199 (base 16) to base 3
120011
What is -3263 (base 11) in base 7?
-15356
571 (base 16) to base 12
981
Convert 2234 (base 8) to base 4.
102130
What is -44822 (base 9) in base 16?
-7484
What is -22012 (base 6) in base 5?
-44112
-2463 (base 7) to base 10
-927
What is -254 (base 11) in base 7?
-610
-4411 (base 5) to base 15
-2a6
What is 62163 (base 7) in base 10?
15186
What is 21347 (base 8) in base 16?
22e7
2011 (base 10) to base 5
31021
What is -101101111 (base 2) in base 9?
-447
-6267 (base 9) to base 5
-121342
Convert 2271 (base 8) to base 3.
1122210
-403 (base 12) to base 10
-579
Convert -1a1 (base 16) to base 8.
-641
-7212 (base 15) to base 16
-5e1c
What is -5b19 (base 12) in base 5?
-311440
What is -10110302 (base 4) in base 13?
-80a8
What is -1b7b (base 15) in base 14?
-2262
-226 (base 10) to base 7
-442
What is 351 (base 9) in base 11?
243
What is 1c0 (base 14) in base 15?
194
-ac17 (base 13) to base 8
-56722
-11311 (base 8) to base 16
-12c9
What is 1123445 (base 6) in base 16?
e1f5
-12212122 (base 3) to base 12
-258b
3d90 (base 14) to base 10
10906
Convert -620 (base 8) to base 14.
-208
Convert -27201 (base 9) to base 14.
-69b6
What is 218 (base 9) in base 10?
179
What is -23323 (base 6) in base 5?
-101423
Convert -52113 (base 7) to base 3.
-122111020
Convert -3461 (base 8) to base 9.
-2465
101132 (base 4) to base 12
792
9084 (base 10) to base 11
6909
Convert -e2 (base 16) to base 13.
-145
Convert 5b91 (base 12) to base 13.
491b
Convert 2006 (base 10) to base 5.
31011
Convert 41603 (base 10) to base 9.
63055
What is 110101110 (base 2) in base 11?
361
Convert 212211221 (base 3) to base 16.
43ea
What is -122210 (base 4) in base 13?
-a0a
517 (base 11) to base 2
1001101111
-110011001001000 (base 2) to base 10
-26184
-646 (base 7) to base 13
-1c3
772 (base 11) to base 13
563
4112 (base 10) to base 9
5568
Convert -1775 (base 8) to base 9.
-1354
What is 22110 (base 3) in base 6?
1020
Convert 1527 (base 14) to base 8.
7257
What is -10841 (base 9) in base 7?
-30061
What is -5254 (base 10) in base 7?
-21214
210221 (base 4) to base 10
2345
3044 (base 5) to base 14
207
Convert -118b (base 15) to base 13.
-1910
-105211 (base 8) to base 2
-1000101010001001
What is -12111222 (base 4) in base 13?
-ba81
Convert -355 (base 9) to base 14.
-16d
What is -231302 (base 4) in base 15?
-d05
What is -33 (base 6) in base 8?
-25
Convert -669a (base 12) to base 14.
-41ca
-514 (base 6) to base 5
-1230
171414 (base 8) to base 5
3442340
What is 4605 (base 8) in base 16?
985
What is 5c9a (base 15) in base 10?
19720
What is -2220202201 (base 3) in base 16?
-e04d
What is 5b (base 15) in base 13?
68
Convert 2195 (base 13) to base 14.
19c9
Convert 4430 (base 10) to base 16.
114e
Convert -12840 (base 9) to base 10.
-8703
Convert -1c2 (base 13) to base 7.
-645
-42124 (base 8) to base 15
-52b2
What is 13303 (base 4) in base 9?
614
-1212 (base 7) to base 9
-550
4404 (base 8) to base 15
a3d
-131114 (base 6) to base 14
-44bc
-252 (base 16) to base 9
-730
What is 2541 (base 8) in base 5?
21002
1101000111 (base 2) to base 7
2306
What is -23156 (base 8) in base 5?
-303323
Convert 6416 (base 8) to base 15.
ecc
What is 1011101110101011 (base 2) in base 9?
72811
What is 10220 (base 7) in base 10?
2513
What is -5420 (base 13) in base 9?
-17025
Convert 2fd1 (base 16) to base 10.
12241
What is -b476 (base 13) in base 14?
-9136
What is 110885 (base 9) in base 7?
364253
What is 10100100110100 (base 2) in base 5?
314143
Convert 296 (base 11) to base 16.
15b
What is 18119 (base 10) in base 8?
43307
Convert -911 (base 14) to base 9.
-2386
Convert 2040 (base 5) to base 3.
101000
What is 3306 (base 9) in base 14?
c60
What is 353200 (base 6) in base 8?
73500
Convert 1d47 (base 14) to base 2.
1010011101011
Convert 427 (base 12) to base 3.
211111
6381 (base 12) to base 16
2a91
Convert 711 (base 11) to base 4.
31123
-13204 (base 5) to base 3
-1110001
Convert 103230 (base 4) to base 10.
1260
What is -1710 (base 8) in base 7?
-2552
What is -1671 (base 16) in base 9?
-7783
2121311 (base 4) to base 7
40463
16335 (base 9) to base 7
44453
What is -1a (base 13) in base 8?
-27
What is 4b67 (base 13) in base 16?
29ec
What is 112101 (base 3) in base 2?
110000100
Convert -94 (base 16) to base 7.
-301
4429 (base 15) to base 2
11100001100111
-145150 (base 6) to base 12
-81b6
What is 125255 (base 7) in base 6?
300342
110222 (base 3) to base 10
350
Convert 5048 (base 13) to base 14.
404d
-b19 (base 15) to base 14
-ca7
-55c (base 15) to base 16
-4bc
Convert -11110011111 (base 2) to base 6.
-13011
What is -4404 (base 5) in base 2?
-1001011100
12127 (base 8) to base 16
1457
1a6 (base 16) to base 10
422
-1574 (base 13) to base 3
-11022012
What is -11b9 (base 13) in base 3?
-10110021
-1f9 (base 16) to base 7
-1321
What is 100332 (base 4) in base 8?
2076
Convert 8056 (base 10) to base 14.
2d16
What is 9b4 (base 16) in base 12?
1530
What is -3117 (base 13) in base 2?
-1101001111100
-21324 (base 5) to base 8
-2670
-533 (base 10) to base 2
-1000010101
Convert 51 (base 14) to base 4.
1013
Convert 2160 (base 7) to base 16.
309
What is -2121 (base 9) in base 12?
-a9a
Convert -3031 (base 8) to base 14.
-7d7
6e31 (base 15) to base 16
5b96
-710 (base 11) to base 2
-1101011010
111000110100101 (base 2) to base 14
a861
Convert -2e69 (base 15) to base 5.
-304444
What is 160430 (base 7) in base 8?
75306
-12147 (base 9) to base 12
-4867
Convert 1218 (base 11) to base 15.
712
14557 (base 10) to base 9
21864
Conv